{"id":5350,"date":"2025-11-21T18:41:35","date_gmt":"2025-11-21T15:41:35","guid":{"rendered":"https:\/\/www.tasdevripromosyon.com.tr\/?post_type=product&#038;p=5350"},"modified":"2025-11-21T18:42:20","modified_gmt":"2025-11-21T15:42:20","slug":"og-150-metalize-oto-gunesligi","status":"publish","type":"product","link":"https:\/\/www.tasdevripromosyon.com.tr\/index.php\/product\/og-150-metalize-oto-gunesligi\/","title":{"rendered":"OG-150 Metalize Oto G\u00fcne\u015fli\u011fi"},"content":{"rendered":"<p>* Ebat: 70 x 150 cm * Katlanabilir: Evet * K\u0131l\u0131f: Var * UV ve G\u00fcne\u015f I\u015f\u0131nlar\u0131na kar\u015f\u0131 korur * Ara\u00e7 i\u00e7erisindeki \u0131s\u0131y\u0131 d\u00fc\u015f\u00fcr\u00fcr.\t* Direksiyon ve g\u00f6sterge panelindeki solmay\u0131 \u00f6nler<\/p>\n","protected":false},"excerpt":{"rendered":"<p>* Ebat: 70 x 150 cm * Katlanabilir: Evet * K\u0131l\u0131f: Var * UV ve G\u00fcne\u015f I\u015f\u0131nlar\u0131na kar\u015f\u0131 korur * Ara\u00e7 i\u00e7erisindeki \u0131s\u0131y\u0131 d\u00fc\u015f\u00fcr\u00fcr. * Direksiyon ve g\u00f6sterge panelindeki solmay\u0131<\/p>\n","protected":false},"featured_media":5406,"comment_status":"closed","ping_status":"closed","template":"","meta":{"_acf_changed":false},"product_brand":[],"product_cat":[235],"product_tag":[],"class_list":{"0":"post-5350","1":"product","2":"type-product","3":"status-publish","4":"has-post-thumbnail","6":"product_cat-arac-ve-gerecler","8":"first","9":"outofstock","10":"sale","11":"shipping-taxable","12":"purchasable","13":"product-type-simple"},"acf":[],"_links":{"self":[{"href":"https:\/\/www.tasdevripromosyon.com.tr\/index.php\/wp-json\/wp\/v2\/product\/5350","targetHints":{"allow":["GET"]}}],"collection":[{"href":"https:\/\/www.tasdevripromosyon.com.tr\/index.php\/wp-json\/wp\/v2\/product"}],"about":[{"href":"https:\/\/www.tasdevripromosyon.com.tr\/index.php\/wp-json\/wp\/v2\/types\/product"}],"replies":[{"embeddable":true,"href":"https:\/\/www.tasdevripromosyon.com.tr\/index.php\/wp-json\/wp\/v2\/comments?post=5350"}],"wp:featuredmedia":[{"embeddable":true,"href":"https:\/\/www.tasdevripromosyon.com.tr\/index.php\/wp-json\/wp\/v2\/media\/5406"}],"wp:attachment":[{"href":"https:\/\/www.tasdevripromosyon.com.tr\/index.php\/wp-json\/wp\/v2\/media?parent=5350"}],"wp:term":[{"taxonomy":"product_brand","embeddable":true,"href":"https:\/\/www.tasdevripromosyon.com.tr\/index.php\/wp-json\/wp\/v2\/product_brand?post=5350"},{"taxonomy":"product_cat","embeddable":true,"href":"https:\/\/www.tasdevripromosyon.com.tr\/index.php\/wp-json\/wp\/v2\/product_cat?post=5350"},{"taxonomy":"product_tag","embeddable":true,"href":"https:\/\/www.tasdevripromosyon.com.tr\/index.php\/wp-json\/wp\/v2\/product_tag?post=5350"}],"curies":[{"name":"wp","href":"https:\/\/api.w.org\/{rel}","templated":true}]}}