{"id":8801,"date":"2025-11-21T19:38:32","date_gmt":"2025-11-21T16:38:32","guid":{"rendered":"https:\/\/www.tasdevripromosyon.com.tr\/?post_type=product&#038;p=8801"},"modified":"2025-11-21T19:39:11","modified_gmt":"2025-11-21T16:39:11","slug":"pc-7011-laptop-cantasi","status":"publish","type":"product","link":"https:\/\/www.tasdevripromosyon.com.tr\/index.php\/product\/pc-7011-laptop-cantasi\/","title":{"rendered":"PC-7011 Laptop \u00c7antas\u0131"},"content":{"rendered":"<p>* Ebat: 40 x 30 x 10 cm * Kuma\u015f: Su ge\u00e7irmez, 420D-15000 * Fermuar: Tip 8 * B\u00f6lme: 2 B\u00f6lme * Bask\u0131: Serigrafi, Nak\u0131\u015f * \u0130malat \u00fcr\u00fcn\u00fcm\u00fczd\u00fcr. Her adet ve renkte \u00fcretilebilir.<\/p>\n","protected":false},"excerpt":{"rendered":"<p>* Ebat: 40 x 30 x 10 cm * Kuma\u015f: Su ge\u00e7irmez, 420D-15000 * Fermuar: Tip 8 * B\u00f6lme: 2 B\u00f6lme * Bask\u0131: Serigrafi, Nak\u0131\u015f * \u0130malat \u00fcr\u00fcn\u00fcm\u00fczd\u00fcr. Her adet<\/p>\n","protected":false},"featured_media":8843,"comment_status":"closed","ping_status":"closed","template":"","meta":{"_acf_changed":false},"product_brand":[254],"product_cat":[260],"product_tag":[],"class_list":{"0":"post-8801","1":"product","2":"type-product","3":"status-publish","4":"has-post-thumbnail","6":"product_brand-kule-promosyon","7":"product_cat-cantalar","9":"first","10":"outofstock","11":"shipping-taxable","12":"product-type-simple"},"acf":[],"_links":{"self":[{"href":"https:\/\/www.tasdevripromosyon.com.tr\/index.php\/wp-json\/wp\/v2\/product\/8801","targetHints":{"allow":["GET"]}}],"collection":[{"href":"https:\/\/www.tasdevripromosyon.com.tr\/index.php\/wp-json\/wp\/v2\/product"}],"about":[{"href":"https:\/\/www.tasdevripromosyon.com.tr\/index.php\/wp-json\/wp\/v2\/types\/product"}],"replies":[{"embeddable":true,"href":"https:\/\/www.tasdevripromosyon.com.tr\/index.php\/wp-json\/wp\/v2\/comments?post=8801"}],"wp:featuredmedia":[{"embeddable":true,"href":"https:\/\/www.tasdevripromosyon.com.tr\/index.php\/wp-json\/wp\/v2\/media\/8843"}],"wp:attachment":[{"href":"https:\/\/www.tasdevripromosyon.com.tr\/index.php\/wp-json\/wp\/v2\/media?parent=8801"}],"wp:term":[{"taxonomy":"product_brand","embeddable":true,"href":"https:\/\/www.tasdevripromosyon.com.tr\/index.php\/wp-json\/wp\/v2\/product_brand?post=8801"},{"taxonomy":"product_cat","embeddable":true,"href":"https:\/\/www.tasdevripromosyon.com.tr\/index.php\/wp-json\/wp\/v2\/product_cat?post=8801"},{"taxonomy":"product_tag","embeddable":true,"href":"https:\/\/www.tasdevripromosyon.com.tr\/index.php\/wp-json\/wp\/v2\/product_tag?post=8801"}],"curies":[{"name":"wp","href":"https:\/\/api.w.org\/{rel}","templated":true}]}}